+ 0) is divided by o?
10
Let y(f) = f**2 + 2*f. Let o be 0 - (-7)/(-2)*-2. Let h = o + -10. Calculate the remainder when 5 is divided by y(h).
2
Let f = -3 - -12. Suppose 2*q - f = 23. Calculate the remainder when (-4)/(q/41)*-4 is divided by 14.
13
Let z(l) = 11*l**2 + l - 1. Suppose 2*x = -3*s + 67, 0 = -4*s - 4*x + 11 + 81. What is the remainder when s is divided by z(1)?
10
Let x(t) = t**2 - 7*t + 11. Suppose 0*l - 3*l = -165. Calculate the remainder when l is divided by x(9).
26
Let a = -29 - -90. Let r = 1 + 3. Suppose 0*j = r*j - 84. Calculate the remainder when a is divided by j.
19
Suppose 9 = 3*n + 3. Let a = n + 25. Calculate the remainder when a is divided by 14.
13
Let o(f) be the third derivative of 5/12*f**4 + 0 + 0*f + f**2 - 7/6*f**3. Calculate the remainder when o(5) is divided by 11.
10
Suppose 0*c - 25 = -5*c. Suppose 2*q = -8, -q + c*q - 19 = -5*p. Calculate the remainder when 27 is divided by p.
6
Let t = 9 - 7. Suppose 7 - 28 = -t*b - 3*l, -3*b + 54 = -3*l. What is the remainder when 27 is divided by b?
12
Let c(q) = -q**2 + 10*q. Let h = -12 - -20. Let z(l) = 5*l**2 + 2. What is the remainder when z(3) is divided by c(h)?
15
Let f = 4 + -1. Suppose -5*i = -4*m + 2*m - 7, -5*i + f*m = -8. Suppose -4*o + 21 = i. What is the remainder when o is divided by 2?
1
Let x(y) = -y**2 - 6*y - 2. Let b be x(-4). Suppose -s - 205 = -b*s. Let v = 365 + -354. What is the remainder when s is divided by v?
8
Suppose 0 - 3 = -3*x. Let f(i) = -x + 0*i - i - 4. What is the remainder when f(-6) is divided by 1?
0
Suppose -i - 2*i + 405 = 0. Suppose 51 = -4*g + i. What is the remainder when g is divided by 12?
9
Let o = 11 - 14. Suppose -2*q + 13 = -5*r, -q - 4 = -5*r - 8. Calculate the remainder when 29 is divided by 132/q + o/(-9).
14
Let k be (-86)/(-4 - (-6)/3). Let g = k - 8. What is the remainder when g is divided by 9?
8
Suppose -v + 42 + 36 = -3*l, 3*v - 198 = -3*l. Calculate the remainder when v is divided by 35.
34
Suppose -5*x + 3*x = -30. What is the remainder when x is divided by 8?
7
Suppose 0*r = -2*r + 3*n + 4, -5*n = -4*r + 12. Suppose -2*o + r = 0, 4*o = w - 2*w + 39. What is the remainder when 45 is divided by w?
22
Calculate the remainder when 37 is divided by 108/14 + (-2)/(-7).
5
Calculate the remainder when 49 is divided by (24/9)/(2/9) + 1.
10
Let r = -7 - -17. Calculate the remainder when r is divided by (-2)/(-2*1/4).
2
What is the remainder when 35 is divided by ((-2)/(-5))/((-2)/(-60))?
11
Let r = 61 - 23. What is the remainder when r is divided by 20?
18
Suppose -5*v + 0 = -10. Let f(i) = 5*i**2 + i - 2. What is the remainder when f(v) is divided by 11?
9
Let q be (-16)/24 - 14/(-3). Suppose -3*r - q*f + 32 = 0, 9 + 19 = 3*r + 2*f. What is the remainder when 21 is divided by r?
5
Let h = 72 - 71. Let y(d) be the first derivative of 8*d**3/3 - d**2 + d - 1. What is the remainder when 12 is divided by y(h)?
5
Suppose -4*x - 10 = -5*x. Calculate the remainder when 6*1/(-2)*(1 + -14) is divided by x.
9
Suppose c = -4*c + 250. Let n = 94 - c. Calculate the remainder when n is divided by 12.
8
Suppose -3*f + 2*f + 9 = 0. Let l = 144 + -204. Let s = l - -85. What is the remainder when s is divided by f?
7
What is the remainder when (-78)/4*(-24)/18 is divided by 7?
5
Let m = 10 + -4. Let f = m - 4. Suppose -f*w - 35 = -7*w. What is the remainder when 13 is divided by w?
6
Let c(s) = s + 46. Calculate the remainder when 152 is divided by c(-15).
28
Suppose -5*w - 52 = -2*s - w, s + 5*w + 9 = 0. Suppose -l = -5*l + 80. Suppose -5*d = p - l, p = 3*d + 28 + 8. Calculate the remainder when p is divided by s.
14
Suppose h - 5*h - 4*a = -16, -h - 3*a - 4 = 0. Calculate the remainder when h is divided by 6.
2
Suppose -j = 5*w + 9, -j + 6 = j + 4*w. What is the remainder when 42 is divided by j?
9
Let k(r) = -r**2 + 8*r - 11. Let o(f) = -f**3 + 3*f + 3. Let j be o(-2). Calculate the remainder when 10 is divided by k(j).
2
Let x be (0 + 5)*(-4)/5. Let m(l) = -l**2 - 12*l + 3. Calculate the remainder when m(-10) is divided by (-136)/(-12) + x/(-6).
11
Let y(c) = -c**2 - 5*c + 5. Let q = -9 - -5. Calculate the remainder when y(q) is divided by 3.
0
Let k be 0 - 0 - (-6)/3. Suppose k*m = -6 + 4. Let a = 3 - m. What is the remainder when 10 is divided by a?
2
Let r be 4 + -12 + 4 + 7. Suppose 2*t = 2*l - 7*l, -4*t = 5*l - 20. Suppose r*x = t + 8. Calculate the remainder when x is divided by 4.
2
Suppose -k + 65 = 4*k. What is the remainder when 38 is divided by k?
12
Suppose 7*h - 5*s = 4*h + 194, 4 = -4*s. What is the remainder when h is divided by 19?
6
Let p(r) = -r**3 + 9*r**2 - 6*r. Let n(w) = w**2 - 4*w - 6. Let j(g) = 2*g - 6. Let c be j(6). What is the remainder when p(8) is divided by n(c)?
4
Calculate the remainder when -1 + 3/(-1)*-17 is divided by 4.
2
Let i = -197 + 208. Let g(u) = 0*u - 2*u + 3*u**2 + 4*u. What is the remainder when g(-3) is divided by i?
10
Suppose -r - 55 = -6*r. Let s = -12 - -30. Calculate the remainder when s is divided by r.
7
Let u(n) = n + 7. Let t be u(-5). Calculate the remainder when ((-3)/(-6))/(t/44) is divided by 4.
3
Suppose 7*i - 4*i = 0. Suppose -5*t + 4*a + 18 - 3 = i, -4*t = -4*a - 16. Calculate the remainder when 17 is divided by (-1)/(-1) - 8/t.
8
Let b be (-4)/(4/(-2) - 0). Suppose 0 = -b*l - 0*l + 8. What is the remainder when l is divided by 2?
0
Calculate the remainder when (256/24)/(-8) + (-398)/(-6) is divided by 17.
14
Let g(r) = -r**3 - r + 4. Let h be g(0). Suppose -72 = -h*t - 12. Suppose -2*k - 3*c + t = 0, -k - c + 13 = 5. Calculate the remainder when 26 is divided by k.
8
Let c(h) = 12*h**2 + 2*h - 4. Calculate the remainder when c(-3) is divided by 33.
32
Suppose -h = -3*h + 18. Let v(d) be the first derivative of -d**4/4 - 8*d**3/3 + 4*d**2 + 8*d - 2. Calculate the remainder when v(-9) is divided by h.
8
Let d(u) = u**2 - 6*u + 5. Let a(z) = 10*z**2 + 1. Let s be 9/(-6)*(-6)/(-9). Calculate the remainder when d(8) is divided by a(s).
10
Suppose -4*y + 10 = 2. Suppose -b + 117 = y*b. What is the remainder when b is divided by 10?
9
Let d = -160 + 162. Calculate the remainder when 3 is divided by d.
1
Suppose -5*u = -48 - 87. What is the remainder when u is divided by 11?
5
Let r = 37 - 16. What is the remainder when r is divided by 8?
5
Suppose 0 = 2*d + 2*d + 12, 2*d = -4*y + 6. What is the remainder when 3 is divided by y?
0
Suppose 0 = -4*y + 2 + 2. What is the remainder when 81*y - (-8)/(-2) is divided by 20?
17
Suppose 0 = 3*h - 3, 2*y + 5*h = 3*h + 14. Suppose 0 = p - y - 15. Calculate the remainder when p is divided by 12.
9
Suppose 5*h - 4*h = 3. Suppose y + h*y = 156. What is the remainder when y is divided by 8?
7
Calculate the remainder when (-4)/3 + (-1548)/(-27) is divided by 19.
18
What is the remainder when 132 is divided by 38 - 36 - (0 + -45)?
38
Let x be -6 - (2 - 6/2). Let m = x - -13. What is the remainder when m is divided by 2/7 - (-231)/49?
3
What is the remainder when 133 is divided by 399/12 + (-6)/(-8)?
31
Suppose 5*q - 380 = 3*n, 9 = 5*q - 5*n - 381. What is the remainder when q is divided by 19?
16
Let j = 9 + 4. What is the remainder when j is divided by 5?
3
Let x = 12 + -15. What is the remainder when 36 + 2*(x + 2) is divided by 12?
10
Let c(u) = u**3 - u**2 - u + 9. What is the remainder when 17 is divided by c(0)?
8
Let a = 17 - 12. Suppose a*c - 140 = -20. What is the remainder when c is divided by 13?
11
Let d be ((-3)/(-2))/((-3)/(-6)). Suppose -4*x = d*g - 79, 3*x + x - 81 = -5*g. Let u = -57 + 93. What is the remainder when u is divided by x?
17
Suppose 0*a - 3*a = 6. Let g be (-1)/a*(66 - 4). Let j = g + 1. Calculate the remainder when j is divided by 17.
15
Let p = 53 - 37. Calculate the remainder when 58 is divided by p.
10
Suppose -4*d - 9 = -p, -2*p - 11 = 3*d + 4. Let t = p - -9. What is the remainder when 17 is divided by t?
5
Let k(f) = -29*f**3 + f + 1. Calculate the remainder when k(-2) is divided by 39.
36
Suppose 0 = g - 5*b - 3, -4*g + 3*b + 81 = g. Suppose -4*j - 7 = -47. What is the remainder when g is divided by j?
8
Suppose 0 = 4*l + h - 65, 0 = 3*l + 3*h - 4*h - 47. What is the remainder when 24 is divided by l?
8
Suppose -f - 4 = 4*t, -1 = -3*f - 4*t + 11. Calculate the remainder when 333/6*4/6 is divided b